{"id":113,"date":"2023-04-06T01:22:37","date_gmt":"2023-04-06T04:22:37","guid":{"rendered":"http:\/\/petraestudio.com.ar\/n3ws1t3\/?page_id=113"},"modified":"2023-08-26T18:17:20","modified_gmt":"2023-08-26T21:17:20","slug":"corporativo","status":"publish","type":"page","link":"https:\/\/petraestudio.com.ar\/n3ws1t3\/corporativo\/","title":{"rendered":"Corporativo"},"content":{"rendered":"\t\t<div data-elementor-type=\"wp-page\" data-elementor-id=\"113\" class=\"elementor elementor-113\">\n\t\t\t\t\t\t<section class=\"elementor-section elementor-top-section elementor-element elementor-element-5934477 elementor-section-stretched elementor-section-boxed elementor-section-height-default elementor-section-height-default\" data-id=\"5934477\" data-element_type=\"section\" data-e-type=\"section\" data-settings=\"{&quot;stretch_section&quot;:&quot;section-stretched&quot;}\">\n\t\t\t\t\t\t\t<div class=\"elementor-background-overlay\"><\/div>\n\t\t\t\t\t\t\t<div class=\"elementor-container elementor-column-gap-default\">\n\t\t\t\t\t<div class=\"elementor-column elementor-col-50 elementor-top-column elementor-element elementor-element-9c20447\" data-id=\"9c20447\" data-element_type=\"column\" data-e-type=\"column\">\n\t\t\t<div class=\"elementor-widget-wrap elementor-element-populated\">\n\t\t\t\t\t\t<div class=\"elementor-element elementor-element-ca08a2d elementor-widget elementor-widget-text-editor\" data-id=\"ca08a2d\" data-element_type=\"widget\" data-e-type=\"widget\" data-widget_type=\"text-editor.default\">\n\t\t\t\t<div class=\"elementor-widget-container\">\n\t\t\t\t\t\t\t\t\t<h4>El p\u00fablico evoluciona d\u00eda a d\u00eda, exigiendo a la industria que acompa\u00f1e esta transformaci\u00f3n.<\/h4><p>No basta con ofrecer un producto de alta calidad y de tentadores costos, la demanda recae tambi\u00e9n sobre la innovaci\u00f3n y originalidad en el dise\u00f1o.<\/p><p>Creemos en la combinaci\u00f3n interdisciplinaria, creemos que cada problema debe tener un especialista, y al mismo tiempo, una visi\u00f3n integral de tratamiento.<\/p><p>Por ello formamos parte de PETRA , arquitectos, dise\u00f1adores industriales ,ingenieros y dise\u00f1adores gr\u00e1ficos , contemplamos cada cuesti\u00f3n del dise\u00f1o desde el apropiado punto de vista.<\/p>\t\t\t\t\t\t\t\t<\/div>\n\t\t\t\t<\/div>\n\t\t\t\t\t<\/div>\n\t\t<\/div>\n\t\t\t\t<div class=\"elementor-column elementor-col-50 elementor-top-column elementor-element elementor-element-a665273\" data-id=\"a665273\" data-element_type=\"column\" data-e-type=\"column\">\n\t\t\t<div class=\"elementor-widget-wrap elementor-element-populated\">\n\t\t\t\t\t\t<div class=\"elementor-element elementor-element-3541357 elementor-widget elementor-widget-image\" data-id=\"3541357\" data-element_type=\"widget\" data-e-type=\"widget\" data-widget_type=\"image.default\">\n\t\t\t\t<div class=\"elementor-widget-container\">\n\t\t\t\t\t\t\t\t\t\t\t\t\t\t\t<img fetchpriority=\"high\" decoding=\"async\" width=\"640\" height=\"427\" src=\"https:\/\/petraestudio.com.ar\/n3ws1t3\/wp-content\/uploads\/2023\/08\/corporativo-01.jpg\" class=\"attachment-large size-large wp-image-1536\" alt=\"\" srcset=\"https:\/\/petraestudio.com.ar\/n3ws1t3\/wp-content\/uploads\/2023\/08\/corporativo-01.jpg 900w, https:\/\/petraestudio.com.ar\/n3ws1t3\/wp-content\/uploads\/2023\/08\/corporativo-01-300x200.jpg 300w, https:\/\/petraestudio.com.ar\/n3ws1t3\/wp-content\/uploads\/2023\/08\/corporativo-01-768x512.jpg 768w\" sizes=\"(max-width: 640px) 100vw, 640px\" \/>\t\t\t\t\t\t\t\t\t\t\t\t\t\t\t<\/div>\n\t\t\t\t<\/div>\n\t\t\t\t\t<\/div>\n\t\t<\/div>\n\t\t\t\t\t<\/div>\n\t\t<\/section>\n\t\t\t\t<section class=\"elementor-section elementor-top-section elementor-element elementor-element-2bc1f90 elementor-section-height-full elementor-section-stretched elementor-section-boxed elementor-section-height-default elementor-section-items-middle\" data-id=\"2bc1f90\" data-element_type=\"section\" data-e-type=\"section\" data-settings=\"{&quot;stretch_section&quot;:&quot;section-stretched&quot;}\">\n\t\t\t\t\t\t\t<div class=\"elementor-background-overlay\"><\/div>\n\t\t\t\t\t\t\t<div class=\"elementor-container elementor-column-gap-default\">\n\t\t\t\t\t<div class=\"elementor-column elementor-col-100 elementor-top-column elementor-element elementor-element-67ae29d\" data-id=\"67ae29d\" data-element_type=\"column\" data-e-type=\"column\">\n\t\t\t<div class=\"elementor-widget-wrap elementor-element-populated\">\n\t\t\t\t\t\t<div class=\"elementor-element elementor-element-3ee42e3 elementor-widget elementor-widget-text-editor\" data-id=\"3ee42e3\" data-element_type=\"widget\" data-e-type=\"widget\" data-widget_type=\"text-editor.default\">\n\t\t\t\t<div class=\"elementor-widget-container\">\n\t\t\t\t\t\t\t\t\t<h1>Petra corporativo<\/h1>\t\t\t\t\t\t\t\t<\/div>\n\t\t\t\t<\/div>\n\t\t\t\t<section class=\"elementor-section elementor-inner-section elementor-element elementor-element-2f202fc elementor-section-boxed elementor-section-height-default elementor-section-height-default\" data-id=\"2f202fc\" data-element_type=\"section\" data-e-type=\"section\">\n\t\t\t\t\t\t<div class=\"elementor-container elementor-column-gap-default\">\n\t\t\t\t\t<div class=\"elementor-column elementor-col-50 elementor-inner-column elementor-element elementor-element-8a10d0b\" data-id=\"8a10d0b\" data-element_type=\"column\" data-e-type=\"column\">\n\t\t\t<div class=\"elementor-widget-wrap elementor-element-populated\">\n\t\t\t\t\t\t<div class=\"elementor-element elementor-element-8efb59b elementor-widget elementor-widget-text-editor\" data-id=\"8efb59b\" data-element_type=\"widget\" data-e-type=\"widget\" data-widget_type=\"text-editor.default\">\n\t\t\t\t<div class=\"elementor-widget-container\">\n\t\t\t\t\t\t\t\t\t<p>Trabajamos en el dise\u00f1o y desarrollo de productos industriales, la construcci\u00f3n de im\u00e1genes corporativas (stands, POP, exhibidores de productos), equipamiento comercial (oficinas, recepciones, locales ,mobiliario especial) y el armado de se\u00f1al\u00e9tica (carteler\u00eda, estudios de circulaci\u00f3n, legibilidad, e imagen integral de la instituci\u00f3n)Siempre teniendo en cuenta los aspectos morfol\u00f3gicos, ergon\u00f3mico funcional y t\u00e9cnico constructivos, adapt\u00e1ndonos a los criterios econ\u00f3micos \u2013productivos de cada empresa.<\/p>\t\t\t\t\t\t\t\t<\/div>\n\t\t\t\t<\/div>\n\t\t\t\t\t<\/div>\n\t\t<\/div>\n\t\t\t\t<div class=\"elementor-column elementor-col-50 elementor-inner-column elementor-element elementor-element-980c811\" data-id=\"980c811\" data-element_type=\"column\" data-e-type=\"column\">\n\t\t\t<div class=\"elementor-widget-wrap elementor-element-populated\">\n\t\t\t\t\t\t<div class=\"elementor-element elementor-element-0d45dd4 elementor-widget elementor-widget-text-editor\" data-id=\"0d45dd4\" data-element_type=\"widget\" data-e-type=\"widget\" data-widget_type=\"text-editor.default\">\n\t\t\t\t<div class=\"elementor-widget-container\">\n\t\t\t\t\t\t\t\t\t<p>En s\u00edntesis, consideramos que nuestra tarea, el dise\u00f1o, est\u00e1 cumplida s\u00f3lo cuando fueron debidamente contempladas las relaciones del producto concebido con las variables de producci\u00f3n.<\/p><p>Si bien las tareas parecieran conducir a una expansi\u00f3n heterog\u00e9nea la escencia de todas ellas es siempre la misma: Incorporar el elemento creativo al objeto base de estudio.<\/p>\t\t\t\t\t\t\t\t<\/div>\n\t\t\t\t<\/div>\n\t\t\t\t\t<\/div>\n\t\t<\/div>\n\t\t\t\t\t<\/div>\n\t\t<\/section>\n\t\t\t\t\t<\/div>\n\t\t<\/div>\n\t\t\t\t\t<\/div>\n\t\t<\/section>\n\t\t\t\t<section class=\"elementor-section elementor-top-section elementor-element elementor-element-a1b033e elementor-section-stretched elementor-section-boxed elementor-section-height-default elementor-section-height-default\" data-id=\"a1b033e\" data-element_type=\"section\" data-e-type=\"section\" data-settings=\"{&quot;stretch_section&quot;:&quot;section-stretched&quot;,&quot;background_background&quot;:&quot;classic&quot;}\">\n\t\t\t\t\t\t\t<div class=\"elementor-background-overlay\"><\/div>\n\t\t\t\t\t\t\t<div class=\"elementor-container elementor-column-gap-default\">\n\t\t\t\t\t<div class=\"elementor-column elementor-col-100 elementor-top-column elementor-element elementor-element-013c0d3\" data-id=\"013c0d3\" data-element_type=\"column\" data-e-type=\"column\">\n\t\t\t<div class=\"elementor-widget-wrap elementor-element-populated\">\n\t\t\t\t\t\t<div class=\"elementor-element elementor-element-798c095 elementor-widget elementor-widget-heading\" data-id=\"798c095\" data-element_type=\"widget\" data-e-type=\"widget\" data-widget_type=\"heading.default\">\n\t\t\t\t<div class=\"elementor-widget-container\">\n\t\t\t\t\t<h2 class=\"elementor-heading-title elementor-size-default\">Armado de Stands<\/h2>\t\t\t\t<\/div>\n\t\t\t\t<\/div>\n\t\t\t\t\t<\/div>\n\t\t<\/div>\n\t\t\t\t\t<\/div>\n\t\t<\/section>\n\t\t\t\t<section class=\"elementor-section elementor-top-section elementor-element elementor-element-f0585c2 elementor-section-full_width elementor-section-stretched elementor-section-height-default elementor-section-height-default\" data-id=\"f0585c2\" data-element_type=\"section\" data-e-type=\"section\" data-settings=\"{&quot;stretch_section&quot;:&quot;section-stretched&quot;}\">\n\t\t\t\t\t\t<div class=\"elementor-container elementor-column-gap-default\">\n\t\t\t\t\t<div class=\"elementor-column elementor-col-100 elementor-top-column elementor-element elementor-element-287cb27\" data-id=\"287cb27\" data-element_type=\"column\" data-e-type=\"column\">\n\t\t\t<div class=\"elementor-widget-wrap elementor-element-populated\">\n\t\t\t\t\t\t<div class=\"elementor-element elementor-element-c1250de elementor-widget elementor-widget-qi_addons_for_elementor_blog_slider\" data-id=\"c1250de\" data-element_type=\"widget\" data-e-type=\"widget\" data-widget_type=\"qi_addons_for_elementor_blog_slider.default\">\n\t\t\t\t<div class=\"elementor-widget-container\">\n\t\t\t\t\t<div class=\"qodef-shortcode qodef-m qodef-addons-blog-slider qodef-item-layout--info-on-image qodef-alignment--centered qodef-info-no-icons qodef-image--hover-zoom qodef-qi-grid qodef-qi-swiper-container qodef-item-layout--info-on-image\" data-options=\"{&quot;direction&quot;:&quot;horizontal&quot;,&quot;slidesPerView&quot;:&quot;5&quot;,&quot;spaceBetween&quot;:0,&quot;spaceBetweenTablet&quot;:30,&quot;spaceBetweenMobile&quot;:30,&quot;effect&quot;:&quot;&quot;,&quot;loop&quot;:true,&quot;autoplay&quot;:true,&quot;centeredSlides&quot;:false,&quot;speed&quot;:&quot;&quot;,&quot;speedAnimation&quot;:&quot;&quot;,&quot;outsideNavigation&quot;:&quot;no&quot;,&quot;outsidePagination&quot;:&quot;no&quot;,&quot;unique&quot;:&quot;1&quot;,&quot;partialValue&quot;:0,&quot;disablePartialValue&quot;:&quot;&quot;,&quot;parallax&quot;:&quot;no&quot;}\">\n\t<div class=\"swiper-wrapper\">\n\t\t<article class=\"qodef-e qodef-blog-item swiper-slide qodef-item--portrait post-557 post type-post status-publish format-standard has-post-thumbnail hentry category-arquitectura-y-diseno category-stand-shopping\">\n\t<div class=\"qodef-e-inner\">\n\t\t<div class=\"qodef-e-media\">\n\t\t<div class=\"qodef-e-media-image\">\n\t\t<a itemprop=\"url\" href=\"https:\/\/petraestudio.com.ar\/n3ws1t3\/stand-shoppings-10-rca\/\">\n\t\t\t<img decoding=\"async\" width=\"650\" height=\"531\" src=\"https:\/\/petraestudio.com.ar\/n3ws1t3\/wp-content\/uploads\/2023\/08\/RCA-1-650x531.jpg\" class=\"attachment-qi_addons_for_elementor_image_size_portrait size-qi_addons_for_elementor_image_size_portrait\" alt=\"\" \/>\t\t<\/a>\n\t\t\t<\/div>\n<\/div>\n\t\t<div class=\"qodef-e-content\">\n\t\t\t\t\t\t<div class=\"qodef-e-text\">\n\t\t\t\t<h5 itemprop=\"name\" class=\"qodef-e-title entry-title\">\n\t<a itemprop=\"url\" class=\"qodef-e-title-link\" href=\"https:\/\/petraestudio.com.ar\/n3ws1t3\/stand-shoppings-10-rca\/\">\n\t\tStand Shoppings 10 RCA\t<\/a>\n<\/h5>\n\t\t\t<\/div>\n\t\t<\/div>\n\t<\/div>\n<\/article>\n<article class=\"qodef-e qodef-blog-item swiper-slide qodef-item--portrait post-551 post type-post status-publish format-standard has-post-thumbnail hentry category-arquitectura-y-diseno category-stand-shopping\">\n\t<div class=\"qodef-e-inner\">\n\t\t<div class=\"qodef-e-media\">\n\t\t<div class=\"qodef-e-media-image\">\n\t\t<a itemprop=\"url\" href=\"https:\/\/petraestudio.com.ar\/n3ws1t3\/stand-shoppings-09-cabrales\/\">\n\t\t\t<img decoding=\"async\" width=\"650\" height=\"531\" src=\"https:\/\/petraestudio.com.ar\/n3ws1t3\/wp-content\/uploads\/2023\/08\/Cabrales-1-650x531.jpg\" class=\"attachment-qi_addons_for_elementor_image_size_portrait size-qi_addons_for_elementor_image_size_portrait\" alt=\"\" \/>\t\t<\/a>\n\t\t\t<\/div>\n<\/div>\n\t\t<div class=\"qodef-e-content\">\n\t\t\t\t\t\t<div class=\"qodef-e-text\">\n\t\t\t\t<h5 itemprop=\"name\" class=\"qodef-e-title entry-title\">\n\t<a itemprop=\"url\" class=\"qodef-e-title-link\" href=\"https:\/\/petraestudio.com.ar\/n3ws1t3\/stand-shoppings-09-cabrales\/\">\n\t\tStand Shoppings 09 Cabrales\t<\/a>\n<\/h5>\n\t\t\t<\/div>\n\t\t<\/div>\n\t<\/div>\n<\/article>\n<article class=\"qodef-e qodef-blog-item swiper-slide qodef-item--portrait post-541 post type-post status-publish format-standard has-post-thumbnail hentry category-arquitectura-y-diseno category-stand-shopping\">\n\t<div class=\"qodef-e-inner\">\n\t\t<div class=\"qodef-e-media\">\n\t\t<div class=\"qodef-e-media-image\">\n\t\t<a itemprop=\"url\" href=\"https:\/\/petraestudio.com.ar\/n3ws1t3\/stand-shoppings-08-parker\/\">\n\t\t\t<img loading=\"lazy\" decoding=\"async\" width=\"650\" height=\"531\" src=\"https:\/\/petraestudio.com.ar\/n3ws1t3\/wp-content\/uploads\/2023\/08\/Parker-1-650x531.jpg\" class=\"attachment-qi_addons_for_elementor_image_size_portrait size-qi_addons_for_elementor_image_size_portrait\" alt=\"\" \/>\t\t<\/a>\n\t\t\t<\/div>\n<\/div>\n\t\t<div class=\"qodef-e-content\">\n\t\t\t\t\t\t<div class=\"qodef-e-text\">\n\t\t\t\t<h5 itemprop=\"name\" class=\"qodef-e-title entry-title\">\n\t<a itemprop=\"url\" class=\"qodef-e-title-link\" href=\"https:\/\/petraestudio.com.ar\/n3ws1t3\/stand-shoppings-08-parker\/\">\n\t\tStand Shoppings 08 Parker\t<\/a>\n<\/h5>\n\t\t\t<\/div>\n\t\t<\/div>\n\t<\/div>\n<\/article>\n<article class=\"qodef-e qodef-blog-item swiper-slide qodef-item--portrait post-535 post type-post status-publish format-standard has-post-thumbnail hentry category-arquitectura-y-diseno category-stand-shopping\">\n\t<div class=\"qodef-e-inner\">\n\t\t<div class=\"qodef-e-media\">\n\t\t<div class=\"qodef-e-media-image\">\n\t\t<a itemprop=\"url\" href=\"https:\/\/petraestudio.com.ar\/n3ws1t3\/stand-shoppings-07-kinder\/\">\n\t\t\t<img loading=\"lazy\" decoding=\"async\" width=\"650\" height=\"531\" src=\"https:\/\/petraestudio.com.ar\/n3ws1t3\/wp-content\/uploads\/2023\/08\/Kinder-Ferrero2-650x531.jpg\" class=\"attachment-qi_addons_for_elementor_image_size_portrait size-qi_addons_for_elementor_image_size_portrait\" alt=\"\" \/>\t\t<\/a>\n\t\t\t<\/div>\n<\/div>\n\t\t<div class=\"qodef-e-content\">\n\t\t\t\t\t\t<div class=\"qodef-e-text\">\n\t\t\t\t<h5 itemprop=\"name\" class=\"qodef-e-title entry-title\">\n\t<a itemprop=\"url\" class=\"qodef-e-title-link\" href=\"https:\/\/petraestudio.com.ar\/n3ws1t3\/stand-shoppings-07-kinder\/\">\n\t\tStand Shoppings 07 K\u00ednder\t<\/a>\n<\/h5>\n\t\t\t<\/div>\n\t\t<\/div>\n\t<\/div>\n<\/article>\n<article class=\"qodef-e qodef-blog-item swiper-slide qodef-item--portrait post-529 post type-post status-publish format-standard has-post-thumbnail hentry category-arquitectura-y-diseno category-stand-shopping\">\n\t<div class=\"qodef-e-inner\">\n\t\t<div class=\"qodef-e-media\">\n\t\t<div class=\"qodef-e-media-image\">\n\t\t<a itemprop=\"url\" href=\"https:\/\/petraestudio.com.ar\/n3ws1t3\/stand-shoppings-06-moulinex\/\">\n\t\t\t<img loading=\"lazy\" decoding=\"async\" width=\"650\" height=\"531\" src=\"https:\/\/petraestudio.com.ar\/n3ws1t3\/wp-content\/uploads\/2023\/08\/Moulinex-1-650x531.jpg\" class=\"attachment-qi_addons_for_elementor_image_size_portrait size-qi_addons_for_elementor_image_size_portrait\" alt=\"\" \/>\t\t<\/a>\n\t\t\t<\/div>\n<\/div>\n\t\t<div class=\"qodef-e-content\">\n\t\t\t\t\t\t<div class=\"qodef-e-text\">\n\t\t\t\t<h5 itemprop=\"name\" class=\"qodef-e-title entry-title\">\n\t<a itemprop=\"url\" class=\"qodef-e-title-link\" href=\"https:\/\/petraestudio.com.ar\/n3ws1t3\/stand-shoppings-06-moulinex\/\">\n\t\tStand Shoppings 06 Moulinex\t<\/a>\n<\/h5>\n\t\t\t<\/div>\n\t\t<\/div>\n\t<\/div>\n<\/article>\n<article class=\"qodef-e qodef-blog-item swiper-slide qodef-item--portrait post-522 post type-post status-publish format-standard has-post-thumbnail hentry category-arquitectura-y-diseno category-stand-shopping\">\n\t<div class=\"qodef-e-inner\">\n\t\t<div class=\"qodef-e-media\">\n\t\t<div class=\"qodef-e-media-image\">\n\t\t<a itemprop=\"url\" href=\"https:\/\/petraestudio.com.ar\/n3ws1t3\/stand-shoppings-05-dolce-gusto\/\">\n\t\t\t<img loading=\"lazy\" decoding=\"async\" width=\"650\" height=\"531\" src=\"https:\/\/petraestudio.com.ar\/n3ws1t3\/wp-content\/uploads\/2023\/08\/Dolce-Gusto-7-650x531.jpg\" class=\"attachment-qi_addons_for_elementor_image_size_portrait size-qi_addons_for_elementor_image_size_portrait\" alt=\"\" \/>\t\t<\/a>\n\t\t\t<\/div>\n<\/div>\n\t\t<div class=\"qodef-e-content\">\n\t\t\t\t\t\t<div class=\"qodef-e-text\">\n\t\t\t\t<h5 itemprop=\"name\" class=\"qodef-e-title entry-title\">\n\t<a itemprop=\"url\" class=\"qodef-e-title-link\" href=\"https:\/\/petraestudio.com.ar\/n3ws1t3\/stand-shoppings-05-dolce-gusto\/\">\n\t\tStand Shoppings 05 Dolce Gusto\t<\/a>\n<\/h5>\n\t\t\t<\/div>\n\t\t<\/div>\n\t<\/div>\n<\/article>\n<article class=\"qodef-e qodef-blog-item swiper-slide qodef-item--portrait post-509 post type-post status-publish format-standard has-post-thumbnail hentry category-arquitectura-y-diseno category-stand-shopping\">\n\t<div class=\"qodef-e-inner\">\n\t\t<div class=\"qodef-e-media\">\n\t\t<div class=\"qodef-e-media-image\">\n\t\t<a itemprop=\"url\" href=\"https:\/\/petraestudio.com.ar\/n3ws1t3\/stand-shoppings-04-del-turista\/\">\n\t\t\t<img loading=\"lazy\" decoding=\"async\" width=\"650\" height=\"531\" src=\"https:\/\/petraestudio.com.ar\/n3ws1t3\/wp-content\/uploads\/2023\/08\/Del-Turista-1-650x531.jpg\" class=\"attachment-qi_addons_for_elementor_image_size_portrait size-qi_addons_for_elementor_image_size_portrait\" alt=\"\" \/>\t\t<\/a>\n\t\t\t<\/div>\n<\/div>\n\t\t<div class=\"qodef-e-content\">\n\t\t\t\t\t\t<div class=\"qodef-e-text\">\n\t\t\t\t<h5 itemprop=\"name\" class=\"qodef-e-title entry-title\">\n\t<a itemprop=\"url\" class=\"qodef-e-title-link\" href=\"https:\/\/petraestudio.com.ar\/n3ws1t3\/stand-shoppings-04-del-turista\/\">\n\t\tStand Shoppings 04 Del Turista\t<\/a>\n<\/h5>\n\t\t\t<\/div>\n\t\t<\/div>\n\t<\/div>\n<\/article>\n<article class=\"qodef-e qodef-blog-item swiper-slide qodef-item--portrait post-499 post type-post status-publish format-standard has-post-thumbnail hentry category-arquitectura-y-diseno category-stand-shopping\">\n\t<div class=\"qodef-e-inner\">\n\t\t<div class=\"qodef-e-media\">\n\t\t<div class=\"qodef-e-media-image\">\n\t\t<a itemprop=\"url\" href=\"https:\/\/petraestudio.com.ar\/n3ws1t3\/stand-shoppings-03-grupo-new-san\/\">\n\t\t\t<img loading=\"lazy\" decoding=\"async\" width=\"650\" height=\"531\" src=\"https:\/\/petraestudio.com.ar\/n3ws1t3\/wp-content\/uploads\/2023\/08\/Grupo-New-San-1-650x531.jpg\" class=\"attachment-qi_addons_for_elementor_image_size_portrait size-qi_addons_for_elementor_image_size_portrait\" alt=\"\" \/>\t\t<\/a>\n\t\t\t<\/div>\n<\/div>\n\t\t<div class=\"qodef-e-content\">\n\t\t\t\t\t\t<div class=\"qodef-e-text\">\n\t\t\t\t<h5 itemprop=\"name\" class=\"qodef-e-title entry-title\">\n\t<a itemprop=\"url\" class=\"qodef-e-title-link\" href=\"https:\/\/petraestudio.com.ar\/n3ws1t3\/stand-shoppings-03-grupo-new-san\/\">\n\t\tStand Shoppings 03 Grupo New San\t<\/a>\n<\/h5>\n\t\t\t<\/div>\n\t\t<\/div>\n\t<\/div>\n<\/article>\n<article class=\"qodef-e qodef-blog-item swiper-slide qodef-item--portrait post-492 post type-post status-publish format-standard has-post-thumbnail hentry category-arquitectura-y-diseno category-stand-shopping\">\n\t<div class=\"qodef-e-inner\">\n\t\t<div class=\"qodef-e-media\">\n\t\t<div class=\"qodef-e-media-image\">\n\t\t<a itemprop=\"url\" href=\"https:\/\/petraestudio.com.ar\/n3ws1t3\/stand-shoppings-02-zoo-de-bs-as\/\">\n\t\t\t<img loading=\"lazy\" decoding=\"async\" width=\"650\" height=\"531\" src=\"https:\/\/petraestudio.com.ar\/n3ws1t3\/wp-content\/uploads\/2023\/08\/Zoo-1-650x531.jpg\" class=\"attachment-qi_addons_for_elementor_image_size_portrait size-qi_addons_for_elementor_image_size_portrait\" alt=\"\" \/>\t\t<\/a>\n\t\t\t<\/div>\n<\/div>\n\t\t<div class=\"qodef-e-content\">\n\t\t\t\t\t\t<div class=\"qodef-e-text\">\n\t\t\t\t<h5 itemprop=\"name\" class=\"qodef-e-title entry-title\">\n\t<a itemprop=\"url\" class=\"qodef-e-title-link\" href=\"https:\/\/petraestudio.com.ar\/n3ws1t3\/stand-shoppings-02-zoo-de-bs-as\/\">\n\t\tStand Shoppings 02 Zoo de Bs.As\t<\/a>\n<\/h5>\n\t\t\t<\/div>\n\t\t<\/div>\n\t<\/div>\n<\/article>\n\t<\/div>\n\t<\/div>\n\t\t\t\t<\/div>\n\t\t\t\t<\/div>\n\t\t\t\t\t<\/div>\n\t\t<\/div>\n\t\t\t\t\t<\/div>\n\t\t<\/section>\n\t\t\t\t<\/div>\n\t\t","protected":false},"excerpt":{"rendered":"<p>El p\u00fablico evoluciona d\u00eda a d\u00eda, exigiendo a la industria que acompa\u00f1e esta transformaci\u00f3n. No basta con ofrecer un producto de alta calidad y de tentadores costos, la demanda recae tambi\u00e9n sobre la innovaci\u00f3n y originalidad en el dise\u00f1o.<\/p>\n","protected":false},"author":1,"featured_media":1536,"parent":0,"menu_order":0,"comment_status":"closed","ping_status":"closed","template":"","meta":{"footnotes":""},"class_list":["post-113","page","type-page","status-publish","has-post-thumbnail","hentry"],"_links":{"self":[{"href":"https:\/\/petraestudio.com.ar\/n3ws1t3\/wp-json\/wp\/v2\/pages\/113","targetHints":{"allow":["GET"]}}],"collection":[{"href":"https:\/\/petraestudio.com.ar\/n3ws1t3\/wp-json\/wp\/v2\/pages"}],"about":[{"href":"https:\/\/petraestudio.com.ar\/n3ws1t3\/wp-json\/wp\/v2\/types\/page"}],"author":[{"embeddable":true,"href":"https:\/\/petraestudio.com.ar\/n3ws1t3\/wp-json\/wp\/v2\/users\/1"}],"replies":[{"embeddable":true,"href":"https:\/\/petraestudio.com.ar\/n3ws1t3\/wp-json\/wp\/v2\/comments?post=113"}],"version-history":[{"count":46,"href":"https:\/\/petraestudio.com.ar\/n3ws1t3\/wp-json\/wp\/v2\/pages\/113\/revisions"}],"predecessor-version":[{"id":1571,"href":"https:\/\/petraestudio.com.ar\/n3ws1t3\/wp-json\/wp\/v2\/pages\/113\/revisions\/1571"}],"wp:featuredmedia":[{"embeddable":true,"href":"https:\/\/petraestudio.com.ar\/n3ws1t3\/wp-json\/wp\/v2\/media\/1536"}],"wp:attachment":[{"href":"https:\/\/petraestudio.com.ar\/n3ws1t3\/wp-json\/wp\/v2\/media?parent=113"}],"curies":[{"name":"wp","href":"https:\/\/api.w.org\/{rel}","templated":true}]}}